*v. Suppose 12*w + 130 = 226. What is c(w)?
-16
Suppose 377 = 587*m - 558*m. Let v(l) = -2*l + 35. Give v(m).
9
Let z(c) = 3*c + 2. Let i(j) = -16*j - 59. Let t(b) = i(b) + 3*z(b). Calculate t(-8).
3
Let w(z) = 42*z - 100. Let u(o) = -130*o + 304. Let m(j) = -3*u(j) - 8*w(j). What is m(2)?
-4
Suppose -391*i - 49 = -197*i - 243*i. Let z(x) = -15*x**2 - 10*x + 10. Calculate z(i).
-15
Let p(c) = -c**3 + 35*c**2 - 32*c - 30. Let h(j) = j**2 + 40*j - 466. Let f be h(-50). Calculate p(f).
38
Let y(p) = 4*p**2 - 4. Let h(f) = -3*f**2 - f + 2. Let o(l) = l - 6. Let d be o(8). Let j(n) = d*y(n) + 3*h(n). Calculate j(-4).
-6
Let f(j) = 3*j - 4*j + 145 - j - 11 + 7*j. What is f(-27)?
-1
Let d(w) = w - 9. Let j(k) be the first derivative of 3*k**2/2 - 7*k + 35. Let c(v) = -4*d(v) + 5*j(v). Give c(-1).
-10
Let i(x) = 2*x**2 - 5*x - 2. Let u(k) = -6*k + 3*k**2 - 2*k - 1125 + 1122. Let b(h) = -5*i(h) + 3*u(h). Determine b(2).
-1
Suppose -2*o + 0*i - i = -9, 0 = -o + 5*i - 23. Let f(r) = -r**2 + 4*r - r**2 - r**3 - r**2 + o + 3. Let a be 8/(-3)*(-15)/(-10). Calculate f(a).
5
Let q(v) = 5*v - 15. Let t(h) = 1. Let x(s) = q(s) + 15*t(s). Let y be ((-1 + -14)/(-15))/(-1). What is x(y)?
-5
Let r(i) = -6*i**2 + 39*i - 10. Let t(o) = o**2 - 3*o + 2. Let j = -981 + 979. Let g(f) = j*t(f) - r(f). Calculate g(8).
-2
Suppose -7 = -18*h + 47. Let j(s) = 4*s - h + 3*s - s**2 + s - 2*s. Give j(4).
5
Let u(x) = -5*x + 3*x + 4809*x**2 + 4785*x**2 - 9624*x**2. What is u(-1)?
-28
Let x = -39 + 17. Let l = x - -24. Let c(n) = -5*n**2 + 6*n**l + 3*n + n + 0*n**2 + 6. Give c(-4).
6
Let c(i) = -28 + 5*i + 19 + 0*i - 22 + 5*i. Give c(3).
-1
Let f be (1 + 1796/2)*1. Let d(t) = 895*t + 0*t**3 - f*t + 4 - 2*t**2 - 3*t**3 - 6. Calculate d(-2).
22
Let y(u) = 5*u - 6*u - 11*u**3 - u**3 + 8*u**3. Let i = 15 - 15. Suppose r + r - 2 = i. Calculate y(r).
-5
Let t(q) = 7 - 1621*q - 1608*q + 3232*q. Calculate t(-2).
1
Let x(y) = -y**3 + 12*y**2 - 16*y + 49. Let c = 2655 + -2644. Determine x(c).
-6
Let x(b) = b**3 - 5*b**2 + 5. Let j be x(5). Suppose -4*y - 22 = -3*n, 0 = 80*y - 79*y + 4. Let t(r) = -5 - n*r + 3*r + j - 4. Calculate t(4).
0
Let o(q) = -10*q**2 - 2*q + 1. Suppose 0 = -2*s - 76 + 78. Let r be o(s). Let d be (8/(-3))/((88/(-36))/r). Let z(t) = -t**2 - 13*t - 11. Calculate z(d).
1
Let x(g) be the first derivative of 5*g**3/3 - 3*g**2 - 4*g + 104. Let k(n) = 16*n**2 - 20*n - 11. Let p(z) = 4*k(z) - 13*x(z). Give p(-6).
-16
Let n = -81 - -90. Let p be (24/n - 3)/((-2)/90). Let y(t) = t**2 - 14*t - 7. Calculate y(p).
8
Let b(k) be the second derivative of 1/3*k**3 - 24*k - 1 - 1/2*k**2. Give b(1).
1
Let x(l) = -4*l**3 - 5*l**2 + 6*l + 1. Let u be x(1). Let p(h) = 2*h**3 + 0*h**2 + 4*h - 4*h**3 - 5*h**2 + 2 - 5*h. Determine p(u).
0
Let z(q) = -21*q - 1. Let x(v) = 124*v - 5. Let s(r) = -x(r) - 6*z(r). Calculate s(1).
13
Let w(t) be the third derivative of -1/12*t**4 - 96*t**2 + 0*t**3 + 0*t + 0. Determine w(8).
-16
Let p(x) = -3*x + 25. Let b be p(7). Let l(z) = -3 - 852*z - z**2 + b + 852*z. Determine l(1).
0
Let k(b) = 2*b**2 - 121*b - 644. Let j be k(-5). Let p(z) = z**3 - 8*z**2 - 37*z + 47. Determine p(j).
3
Let y(p) = 2*p - 1. Let z = -51 - -65. Let k(c) = -3*c**2 + 7*c**2 - z*c + 9 - 3*c**2 + 11. Let x be k(12). Determine y(x).
-9
Let a be ((-70)/40 - 2/8) + -283. Let v be (8/12)/((-10)/a). Suppose v = -3*h + 31. Let j(t) = -t**3 + 5*t**2 - 2*t - 3. Give j(h).
5
Let r(a) be the second derivative of 5*a**3/6 + 10*a**2 - 23*a - 3. Determine r(-4).
0
Let g(i) = -3 + 0*i**2 + i**3 + i**2 + 3*i - i**2 + 5*i**2. Let h(j) = -6*j**2 + 34*j - 33. Let c be h(1). Give g(c).
-18
Suppose 1066 = -9*f + 98*f - 625. Let x(a) = a**3 - 18*a**2 - 17*a - 24. Determine x(f).
14
Suppose -4*q = -3 + 19. Let n(t) = -19 + 30 - 12 + 5*t**2 - 2*t. Let x(b) = 6*b**2 - 3*b. Let d(o) = q*x(o) + 5*n(o). Determine d(-4).
3
Suppose 0 = 9*z - 12*z + 5*w + 31, 2*w + 4 = 0. Let k(s) = -s**3 + 10*s**2 - 17*s - 27. What is k(z)?
1
Let x(m) = 19*m - 398. Let q(b) = -38*b + 800. Let w(a) = 4*q(a) + 9*x(a). Calculate w(20).
-2
Let j(i) = -i - i + 3*i + 1. Suppose 0 = 36*a - 35*a - 83*a + 82. Give j(a).
2
Let k(r) be the first derivative of -7 - 160 + 0*r**2 + 11 - r**2. Give k(-2).
4
Suppose -2*f + 21 = 5*s - 26, s + 39 = 4*f. Let a(v) = v**2 - 11*v + 10. What is a(f)?
10
Let m(c) = 9*c**2 + 1. Suppose s - 21 = -k, k - 14 = s - 33. Suppose -6*g + 2*r - s = -9*g, 4*r = -2*g + 24. Suppose -7*q - g = 3. Calculate m(q).
10
Let b(h) be the first derivative of 2*h**3 - 3*h**2/2 - 2*h - 19. Calculate b(4).
82
Let z(x) = -x**2 + 3*x + 2. Let n = -1 + 78. Let o = 79 - n. Give z(o).
4
Let y(m) be the first derivative of -m**4/4 + m**2 - 1304. Determine y(-2).
4
Let u(b) be the first derivative of -b**4/4 + 2*b**3 + 4*b**2 - 13*b + 43. Calculate u(7).
-6
Let j = -46 - -49. Let t be 2/j + 32/(-12). Let q(l) = -3 - 2*l**2 - 23*l**3 - 2*l + 10*l**3 + 11*l**3. Give q(t).
9
Let t = 40 - 33. Suppose t*u - 12 = 3*u. Let h(n) = 3*n + 328*n**3 + 1 - 2*n - 329*n**3 + u*n**2. Calculate h(4).
-11
Let m(d) = -20*d**2 - 70*d + 88. Let u(t) = -8*t**2 - 29*t + 37. Let n(q) = -5*m(q) + 12*u(q). Calculate n(5).
114
Let f(s) = 2*s**3 + s**2 + 3*s - 3. Let q(h) = -36 + 4*h - 6*h + 3*h + 4*h + 118. Let c be q(-16). Determine f(c).
23
Let g = 3519 + -3512. Let f(v) = -v**2 + 6*v + 1. Give f(g).
-6
Let p(k) = -k**2 + 2*k + 37. Let v be p(-6). Let w be 2/v - ((-204)/33 - 5). Suppose -3*s = w + 7. Let h(f) = f + 9. Calculate h(s).
3
Suppose -2*t + 25 = 3*y, -6*y + 3*t + 39 = -2*y. Suppose 20 - 26 = -2*x - 2*i, -i - y = -2*x. Let q(w) = -1 - 3*w**2 + w**3 - 2 - 3*w - 2. Determine q(x).
-1
Let b(u) = 249*u - 14*u**2 + u**3 - 107*u - 134*u + 10. What is b(13)?
-55
Let y(u) be the first derivative of -221 - 1/2*u**2 + 6*u. What is y(12)?
-6
Suppose 233059 = 18*g - 180671. Let y(w) = -g*w + 22978*w + 2 + w**2 + 1. Calculate y(5).
-7
Let x(c) = 3*c - 6 - c + c - 5*c. Let l = 266 + -262. Suppose 5*i + 10 = -5*s, l*i - 5*s + 2*s = -36. Calculate x(i).
6
Let a(s) = 2. Let d(w) = 3*w - 11. Let b be -1 + 11/(55/10) + -2. Let q(x) = b*d(x) - 6*a(x). What is q(-2)?
5
Let p(v) = 28*v**3 + 6 - 3*v + 7*v - 7*v**2 - 5*v + 6*v - 27*v**3. Determine p(4).
-22
Let a(b) = -503*b - 1 - b**2 + 509*b + 3. Suppose 5 = r, 2*c - 5*c + 18 = 3*r. Let x be 2 - 1*(c + -4). What is a(x)?
7
Let q(i) = 0*i**2 - 3*i - 4 + i**2 - 8*i. Suppose 15 = k - 3*h, 0 = k - 21*h + 16*h - 19. Determine q(k).
-22
Suppose 5*u = -4*q + 6, -4*u - q + 3 = 4*q. Let m(a) = -2*a**2 + 5*a - 5. Determine m(u).
-3
Suppose 0*t - 4*t = -92. Suppose 17*y = -0*y + 50 + 35. Suppose -3*d - y*w + 13 = 0, -w + t - 2 = -4*d. Let x(b) = b**2 + 7*b - 1. Determine x(d).
-13
Suppose -638 = y - 4*y - 623. Let x(r) = -r**2 - 7*r + 3. Give x(y).
-57
Let v(c) = -c + 1 + 11*c**2 + 4*c**3 + 2*c**2 + c**3 + 0*c**3 - 12*c**2. Let x(f) = 24*f**3 + 5*f**2 - 4*f + 17. Let a(d) = -5*v(d) + x(d). Give a(0).
12
Let q(l) be the second derivative of l**5/60 - l**4/2 - 7*l**3/6 + 91*l**2/2 - 66*l. Let x(o) be the first derivative of q(o). Determine x(12).
-7
Let q(j) = j**2 + 6*j - 5. Let l(b) = -b + 7. Let f = -27 + 14. Let g = 26 + f. Let u be l(g). Calculate q(u).
-5
Suppose 4*d = 33 - 13. Let r(c) be the third derivative of -c**5/30 + 5*c**4/24 - c**3/3 - 7*c**2 - 25*c. Give r(d).
-27
Let u(n) = n**3 - 11*n**2 + 25*n - 8. Let k be u(8). Let i(l) be the third derivative of l**4/24 + 7*l**3/2 - 4*l**2. Determine i(k).
21
Let o(v) = v**3 - 8*v**2 - 8*v - 12. Let u be (18 - -3) + -7 + -6 + 1. What is o(u)?
-3
Let f = 13 + -6. Let x(t) = 3*t**3 + 4*t**2 - 11*t - 12. Let z(g) = -57*g + 78*g - 4 - 5*g**3 + 12 + 15 - 9*g**2. Let m(h) = 7*x(h) + 4*z(h). Give m(f).
8
Let d(q) be the second derivative of -q**3 - 5*q**2 - 1368*q. Give d(-7).
32
Suppose -26*w - 16742 = -16560. Let p(y) = y**2 + 3*y - 12. What is p(w)?
16
Suppose -6*a + 24 + 6 = 0. Let r = 7 - a. Let i(y) = 1 + 7*y + 3*y**r - 4 - 2 + y**3 - 2*y**3. Determine i(4).
7
Let h(z) be the third derivative of -z**5/60 - 3*z**4/8 + 2*z**3/3 + 367*z**2. Give h(-8).
12
Let f(b) = 3*b - 15. Let i(m) = 2*m - 3. Let y(u) = 3*f(u) - 4*i(u). Give y(18).
-15
Let y(w) = 21*w + 40. Let i(p) = -236*p - 442. Let x(k) = 3*i(k) + 34*y(k). Calculate x(-7).
-8
Let g(j) = -7*j**2 + 12*j - 17. Let k(r) = 